r when w is divided by 32?
29
Let p(l) = -7*l + 6. Let c(a) = -a**3 + 11*a**2 - 2. Let s be c(11). Let u be p(s). Suppose -17*h = -16*h - u. Calculate the remainder when 58 is divided by h.
18
Suppose 31*q - 10*q - 90216 = 0. Suppose 18*z - 30*z = -q. What is the remainder when z is divided by 91?
85
Suppose -w = 0, 5*w + 12 = 2*q + 3*w. What is the remainder when 357 is divided by 20*(6/(-4))/(q/(-8))?
37
Let h(j) = 204*j**2 + 1630*j + 14. Calculate the remainder when 418 is divided by h(-8).
28
What is the remainder when 25 is divided by -2 - ((-90)/(-9) + -25)?
12
Let s = -2607 + 2761. What is the remainder when 713 is divided by s?
97
Suppose 2004 = 32*n - 28*n. Let s = 519 - n. What is the remainder when s is divided by 4?
2
Suppose -101*p = -96*p + 3795. Let c = p - -799. Calculate the remainder when c is divided by 32.
8
Suppose -17600 = -20*s - 0*s. What is the remainder when s is divided by ((-18)/(-12) - 1)*126?
61
Let f(t) = 3*t**3 + 37*t**2 + 3*t - 59. Calculate the remainder when 3477 is divided by f(-12).
47
Suppose 5*t - 3*n = 20, 2*n + 11 = 2*t + 3. What is the remainder when 110 is divided by 2*18 + t + -2?
34
Suppose 251 = 6*r + 77. Suppose -261 = -3*x + 3*v + 144, 2*v = -6. Let m = 276 - x. What is the remainder when m is divided by r?
28
Suppose 2*i - 75 = -b, -2*b - 6*i + 7*i + 145 = 0. What is the remainder when 4231 is divided by b?
70
Suppose 5*j - 485 = -5*c, -99*j + 283 = -96*j - c. Calculate the remainder when 278 is divided by j.
88
Let w = -1028 + 1031. What is the remainder when 67 is divided by w?
1
Calculate the remainder when (-113)/((-5)/20*4) is divided by 90.
23
Let v(f) = f**2. Let h(q) = 7*q**2 - 8*q - 1. Let g(r) = -h(r) + 6*v(r). Let z = 922 - 915. Calculate the remainder when 15 is divided by g(z).
7
Suppose -y - 4*d = -83, 0 = 12*y - 18*y - 4*d + 458. Calculate the remainder when 2173 is divided by y.
73
What is the remainder when 2/8 + 939/4 is divided by ((-290)/55 - -4)*(177 + -188)?
11
Suppose -121 = -13*p + 399. Suppose 0 = s + 4*y - p, 2*s + y = 64 + 30. Calculate the remainder when 137 is divided by s.
41
Calculate the remainder when 1750 is divided by (9 + -8)*-10 - (-108)/4.
16
Let j = 954 - 916. What is the remainder when 21545 is divided by j?
37
Let q(r) be the second derivative of r**4/12 - 8*r**3/3 + r**2/2 + 147*r. What is the remainder when 99 is divided by q(18)?
25
Let a = -44 - 37. Let p = a + 84. Suppose 0 = -22*g + p*g + 1786. What is the remainder when g is divided by 16?
14
Let d = -1432 + 12454. Calculate the remainder when d is divided by 13.
11
Suppose -2*j + 104 = 2*j. Let u(a) = -a**3 + 4 - 298969*a + 298969*a + 6*a**2. What is the remainder when j is divided by u(6)?
2
Let d = -3183 - -8756. Calculate the remainder when d is divided by 136.
133
Suppose 3*v + 2*v + 767 = -3*f, -3*f + 743 = -5*v. Let g = 199 + v. What is the remainder when 239 is divided by g?
47
Let g = 133 + -139. What is the remainder when 98 is divided by (g/(-10))/(3/765*3)?
47
Let k(a) = -a**3 - 4*a**2 - 5*a - 1. Let d be k(-4). Suppose d*l - 46 - 68 = 0. Calculate the remainder when 36 is divided by l.
0
Suppose -75 = -j + 121 - 20. What is the remainder when j is divided by 15?
11
Let h = -14538 + 21571. What is the remainder when h is divided by 227?
223
Let x = -1847 - -1856. Calculate the remainder when x is divided by -2 + (0 - (-6)/2).
0
Suppose -18*p = 22*p - 881 - 1359. What is the remainder when 556 is divided by p?
52
Let k(z) = z**3 + 5*z**2 - z + 3. Suppose -11532 = -246*w - 126*w. What is the remainder when w is divided by k(-5)?
7
Let j = -2646 + 2644. Suppose 2*d + o + 11 = 0, 2 + 1 = -o. Calculate the remainder when 39 is divided by (-159)/(-7) + j + d/(-14).
18
Let w = 1946 + -86. What is the remainder when w is divided by 49?
47
Let a be 164 - (3 - (3 + 4)). Suppose 0 = -10*z + 14*z - 16. Suppose z*s = s + a. What is the remainder when s is divided by 15?
11
Calculate the remainder when (-1*(2 + 0))/(48/(-47928)) is divided by 23.
19
Suppose 84*a - 85*a = -221. Suppose -74 + a = 7*k. Suppose -5*o - 24 + 69 = b, -5*b + 267 = 4*o. Calculate the remainder when b is divided by k.
13
Suppose 4*s - j - 110 = 0, -9*s + 12*s = 3*j + 78. What is the remainder when 5093 is divided by s?
25
Suppose -o - 184 = -5*o. What is the remainder when 5 - 2 - 6/(-7)*(-102 - -165) is divided by o?
11
Let f = 236 + -124. Suppose 2*n = 5*t + 7*n - 155, 4*t - 2*n = f. Calculate the remainder when t is divided by 6.
5
Suppose -2*y - 56 = -10*y. Suppose y*n = 60 + 87. Let m(z) = -2*z - 2. What is the remainder when n is divided by m(-7)?
9
Let m(g) be the third derivative of -29*g**4/24 + 41*g**3/3 - 45*g**2 + 1. Calculate the remainder when m(0) is divided by 12.
10
Suppose 4*p + 4*x - 6*x = 152, 2*p = -2*x + 64. Suppose 0 = -35*o + p*o - 24. Let j = 127 + -82. Calculate the remainder when j is divided by o.
21
Let j(t) = 10*t - 29. Let d(v) = -v**3 + 6*v**2 - v - 3. Let f be d(2). Suppose f*b - 16*b = -45. What is the remainder when j(b) is divided by 22?
17
Suppose 96*v + 48 = 4*f + 93*v, 5*f - 49 = v. What is the remainder when 780 is divided by f?
6
Suppose 0 = 7*g + 75*h - 77*h - 111, 4*h + 57 = 3*g. Calculate the remainder when 37587 is divided by g.
12
Let p(u) = 51*u**2 - 13*u + 8. Let x be p(2). Suppose 4*i - x - 230 = 0. What is the remainder when i is divided by 15?
14
Let j be (-13)/((-156)/(-8)) + (-939)/9. Calculate the remainder when 81 is divided by 168/j + (-426)/(-10).
40
Suppose -140 = 20*c - 60. Calculate the remainder when 237 is divided by (c*1)/(13 + 788/(-60)).
27
Let j(d) = 351*d + 2473. Let r = -5 + 10. Suppose -2*g = -3*t - 90, 2*g + 0*g - 90 = r*t. Calculate the remainder when g is divided by j(-7).
13
Suppose 82 = -3*s + 4*h + 150, 3*s = -2*h + 74. Calculate the remainder when 2922 is divided by s.
18
Suppose t - 70 = -5*j, -3*j = -3*t - 41 - 19. What is the remainder when 2803 is divided by j?
13
Let p(v) = -46*v - 12. Let w be p(-5). Let d = w - 774. What is the remainder when 157 is divided by 4/14 + d/(-14)?
37
Let n be (-3)/5 - ((-603)/5 + 5). Suppose -3*w + 69 = -4*m, -6*w + n = -w - 2*m. What is the remainder when w is divided by 6?
5
Let o be (-2)/(-9) + (-3 - 129/(-27)). Suppose -10 - 10 = -o*g. Calculate the remainder when 24 is divided by g.
4
Suppose k - 5*k - 804 = -3*r, 1072 = 4*r + 5*k. Suppose -315 = -5*x + d + 40, 4*x = 4*d + r. Let t = x - -8. Calculate the remainder when t is divided by 14.
10
Suppose -2*b = 2*b + r - 46, -4*b + 2*r + 40 = 0. Let x(y) = -5*y**2 - 4*y - 5. Let h be x(-2). Let d = h - -25. What is the remainder when b is divided by d?
3
Suppose 47548*v - 47533*v - 55065 = 0. What is the remainder when v is divided by 263?
252
Suppose -4*q = -4, -5*c + 9*q + 108 = 7*q. Suppose 15*v - 4921 = -c*v. Calculate the remainder when v is divided by 45.
43
Let l = -88 - -115. What is the remainder when 1834 is divided by l?
25
Let c(g) = 242*g - 892. Calculate the remainder when 205 is divided by c(4).
53
Let a be (-3)/(-21) + 69984/112. Suppose -155*l = -160*l + a. Calculate the remainder when l is divided by 40.
5
Suppose -17*v - 8 + 76 = 0. What is the remainder when ((-108)/14 - -6)*(-182)/v is divided by 9?
6
Suppose -62 = 5*k - 2*y - 112, -3*k + y = -31. What is the remainder when 176 is divided by k?
8
Let q = -902 - -635. Let s = -261 - q. Calculate the remainder when 31 is divided by s.
1
Suppose 57*p + 26850 = 128*p - 61*p. Calculate the remainder when p is divided by 12.
9
Suppose -4*o + 2*w = -4658, -w = -o - 3*w + 1162. Calculate the remainder when o is divided by 146.
142
Suppose 0 = -2*x + 237 - 145. Suppose -41*i - 90 = -x*i. What is the remainder when 66 is divided by i?
12
Suppose 4*o + 5*i + 13 = 2*o, -2*o - 4*i = 10. Suppose -x = -o, -8*x + 107 = 5*n - 11*x. Suppose 0*m - 434 = -2*m. What is the remainder when m is divided by n?
19
Suppose 5330 = 816*z - 806*z. Calculate the remainder when z is divided by 328.
205
Suppose 3*v + 701 = z, v = -2*z + 511 + 849. What is the remainder when z is divided by 56?
11
Let d = 309 + -280. What is the remainder when (4/(-6))/((-16)/1224) is divided by d?
22
Let a = -42 - -44. Let k be 3/((-3)/(-5))*90/50. Let y(m) = -m**2 + 9*m + 17. What is the remainder when y(k) is divided by a?
1
Let x = -418